
Is 97187 prime?
True
Is 604351 prime?
False
Is 11377 prime?
False
Is 30389 prime?
True
Is 16838 prime?
False
Is 360023 a composite number?
False
Is 492967 a composite number?
False
Is 4121 composite?
True
Is 3401 a composite number?
True
Is 7721 a composite number?
True
Is 103703 composite?
False
Is 187861 a prime number?
True
Is 68857 a prime number?
False
Is 149689 prime?
True
Is 226843 prime?
True
Is 2923 a composite number?
True
Is 507487 prime?
False
Is 55469 a prime number?
True
Is 2764697 a prime number?
False
Is 124121 prime?
True
Is 657209 a prime number?
False
Is 5581 a prime number?
True
Is 11483 a prime number?
True
Is 561047 a prime number?
True
Is 2390351 a prime number?
True
Is 5847 a prime number?
False
Is 257053 a composite number?
False
Is 154003 prime?
False
Is 36827 prime?
False
Is 21253 a composite number?
True
Is 4754833 prime?
False
Is 24733 prime?
True
Is 171357 a composite number?
True
Is 5297 a composite number?
False
Is 2400023 composite?
True
Is 175103 a prime number?
True
Is 9311 a prime number?
True
Is 51449 a composite number?
False
Is 11905 a composite number?
True
Is 27503 a prime number?
False
Is 3181727 composite?
False
Is 98143 a composite number?
False
Is 23007 a composite number?
True
Is 25385 a prime number?
False
Is 3967 a prime number?
True
Is 230431 prime?
True
Is 61207 a prime number?
False
Is 12791 composite?
False
Is 446 a composite number?
True
Is 4669681 a prime number?
True
Is 11281 prime?
False
Is 34667 prime?
True
Is 623 composite?
True
Is 329279 prime?
False
Is 588703 a composite number?
False
Is 147817 a composite number?
True
Is 236101 a composite number?
True
Is 78473 prime?
False
Is 342185 a prime number?
False
Is 438407 prime?
False
Is 24809 composite?
False
Is 22313 a composite number?
True
Is 38299 a composite number?
False
Is 858289 a prime number?
False
Is 237137 composite?
False
Is 6311 composite?
False
Is 186863 a prime number?
False
Is 2921 a prime number?
False
Is 68777 a prime number?
True
Is 1207699 a prime number?
True
Is 31371 a prime number?
False
Is 160739 composite?
False
Is 2005309 prime?
False
Is 14253 a prime number?
False
Is 23207 a prime number?
False
Is 13649 composite?
False
Is 8465 prime?
False
Is 39979 a prime number?
True
Is 12767 a composite number?
True
Is 148754 a composite number?
True
Is 11989 composite?
True
Is 23243 a composite number?
True
Is 6121 a composite number?
False
Is 1291 composite?
False
Is 63193 composite?
True
Is 47438 a composite number?
True
Is 347239 a composite number?
False
Is 114877 a composite number?
True
Is 974359 a prime number?
True
Is 102497 prime?
True
Is 1499 prime?
True
Is 30059 composite?
False
Is 30209 composite?
True
Is 514783 composite?
False
Is 52141 a prime number?
False
Is 42271 a prime number?
False
Is 67439 a composite number?
True
Is 3071 prime?
False
Is 174287 composite?
True
Is 572233 a prime number?
True
Is 70139 a prime number?
True
Is 354391 prime?
True
Is 8501 composite?
False
Is 12651 composite?
True
Is 149 a prime number?
True
Is 16671 a prime number?
False
Is 12605 prime?
False
Is 3065 a composite number?
True
Is 704647 a composite number?
False
Is 1702581 composite?
True
Is 548953 prime?
True
Is 22901 prime?
True
Is 106291 prime?
True
Is 1181 composite?
False
Is 61853 a prime number?
False
Is 13343 a composite number?
True
Is 106591 composite?
False
Is 1107599 prime?
False
Is 51109 a composite number?
False
Is 1127333 a prime number?
True
Is 17337 composite?
True
Is 86477 composite?
False
Is 14519 prime?
True
Is 80537 a prime number?
True
Is 279605 a prime number?
False
Is 1867 a composite number?
False
Is 67331 composite?
True
Is 868145 prime?
False
Is 207403 prime?
False
Is 35759 a prime number?
True
Is 136393 composite?
False
Is 81401 composite?
False
Is 837583 a composite number?
False
Is 93629 prime?
True
Is 250157 composite?
True
Is 2129 a prime number?
True
Is 13649 composite?
False
Is 146477 composite?
False
Is 834653 composite?
False
Is 914507 prime?
False
Is 33721 a prime number?
True
Is 449399 composite?
False
Is 3943 a prime number?
True
Is 23399 composite?
False
Is 1361 composite?
False
Is 768659 a composite number?
True
Is 20422 prime?
False
Is 27989 composite?
True
Is 88069 a prime number?
True
Is 28073 composite?
True
Is 39341 prime?
True
Is 86627 a composite number?
False
Is 1157 a prime number?
False
Is 172997 a prime number?
False
Is 68567 a composite number?
False
Is 10007 a prime number?
True
Is 11947 prime?
False
Is 260519 a composite number?
True
Is 446 a prime number?
False
Is 206093 a prime number?
False
Is 202403 composite?
False
Is 2101 a composite number?
True
Is 4733 prime?
True
Is 784627 composite?
False
Is 57 composite?
True
Is 5639 a composite number?
False
Is 810697 a composite number?
False
Is 223 a prime number?
True
Is 133957 a prime number?
False
Is 246751 a composite number?
True
Is 456097 a composite number?
True
Is 208007 a prime number?
False
Is 4201 composite?
False
Is 266329 a prime number?
False
Is 13229 a composite number?
False
Is 15999 composite?
True
Is 143615 composite?
True
Is 25943 a composite number?
False
Is 667987 a composite number?
False
Is 26759 prime?
True
Is 2545435 composite?
True
Is 73613 composite?
False
Is 24287 a prime number?
False
Is 5123 prime?
False
Is 192277 a prime number?
False
Is 376027 a prime number?
False
Is 423173 prime?
True
Is 15493 composite?
False
Is 71527 a composite number?
False
Is 501089 prime?
True
Is 1733 a composite number?
False
Is 78661 a prime number?
False
Is 368331 a composite number?
True
Is 439 composite?
False
Is 166235 a prime number?
False
Is 112821 prime?
False
Is 95339 a prime number?
True
Is 129197 a composite number?
False
Is 74353 prime?
True
Is 812537 composite?
True
Is 2271551 composite?
False
Is 19946 a composite number?
True
Is 149813 composite?
True
Is 1577987 prime?
True
Is 186863 a prime number?
False
Is 10762 a prime number?
False
Is 1741079 a composite number?
False
Is 18373 prime?
False
Is 44463 composite?
True
Is 229433 prime?
True
Is 45647 a composite number?
True
Is 58 prime?
False
Is 2002171 prime?
False
Is 378107 a composite number?
True
Is 256211 a prime number?
True
Is 21205 a prime number?
False
Is 30131 a prime number?
False
Is 674327 a prime number?
False
Is 379 a composite number?
False
Is 3197679 prime?
False
Is 1966901 a composite number?
False
Is 44683 composite?
False
Is 48797 a prime number?
False
Is 24082 a composite number?
True
Is 16729 a prime number?
True
Is 29863 prime?
True
Is 3019 composite?
False
Is 234985 a composite number?
True
Is 8939 prime?
False
Is 497 prime?
False
Is 49307 composite?
False
Is 11053 prime?
False
Is 95911 composite?
False
Is 5755 a composite number?
True
Is 916703 composite?
False
Is 3221 a composite number?
False
Is 1709 a prime number?
True
Is 9139751 composite?
False
Is 101571 composite?
True
Is 4258 prime?
False
Is 6247 prime?
True
Is 1077941 prime?
False
Is 242533 a prime number?
True
Is 44279 a prime number?
True
Is 301477 composite?
True
Is 689 a prime number?
False
Is 1125221 composite?
False
Is 84787 prime?
True
Is 2682619 a composite number?
True
Is 4626707 composite?
False
Is 913 a prime number?
False
Is 10301 composite?
False
Is 647 a prime number?
True
Is 109069 prime?
False
Is 14215 prime?
False
Is 2167 a prime number?
False
Is 46195 a prime number?
False
Is 907 a composite number?
False
Is 1515617 a prime number?
True
Is 18809 composite?
True
Is 23599 composite?
False
Is 29371 a composite number?
True
Is 10109 a prime number?
False
Is 1222813 a prime number?
False
Is 21001 prime?
True
Is 6247601 composite?
False
Is 147011 a prime number?
True
Is 25367 a composite number?
False
Is 55579 composite?
False
Is 2927 composite?
False
Is 212557 a composite number?
False
Is 138053 prime?
True
Is 42941 prime?
False
Is 13247 composite?
True
Is 6421 a prime number?
True
Is 1337555 composite?
True
Is 18899 a prime number?
True
Is 359729 a composite number?
True
Is 19373 prime?
True
Is 10279 composite?
True
Is 397673 prime?
True
Is 118099 a prime number?
False
Is 1259 a prime number?
True
Is 821903 composite?
True
Is 1159319 a prime number?
False
Is 34123 a prime number?
True
Is 8333 prime?
False
Is 1167 composite?
True
Is 29734 a composite number